/(-1). What is the highest common divisor of 201 and l?
3
Let n(v) = 28*v + 553. Let l be n(-18). Suppose -5*h + 5*p + 445 = 0, -3*h = 7*p - 3*p - 281. What is the greatest common factor of l and h?
7
Suppose 0 = 4*y - 5*p - 173, -4*y + 3*p + 89 = -2*y. Let i(n) = 315*n + 4372. Let k be i(-12). Calculate the greatest common divisor of k and y.
37
Let q(i) = 4*i**2 - 7*i - 18. Let j be q(9). Let t(y) = y**3 - 32*y**2 - 31*y - 57. Let x be t(33). Calculate the highest common factor of j and x.
9
Let y = 249 + -251. Let o be 0 - y - (-410)/5. Suppose 4*t + 16 = 64. Calculate the greatest common factor of o and t.
12
Suppose -312 = -3*k + 4*z, 8*z - 6*z = -k + 84. What is the highest common divisor of 3520 and k?
32
Let i be (((-335)/15)/(5/10))/((-14)/1113). What is the highest common divisor of 53 and i?
53
Let n = -34 - -48. Suppose -20*o = -29*o + 7677. Suppose -11*s - 699 = -o. Calculate the greatest common factor of n and s.
14
Let v be 3/(-6) - 37/(-2). Suppose -h + 10 = 1. What is the greatest common divisor of v and h?
9
Let s be (-2)/((-2)/(58 - -6) + 0). Let z be (45/6)/(9/24). Let j be (-12)/(-10)*z/3. What is the greatest common factor of s and j?
8
Let n(k) = -k**2 - 29*k + 5. Let u be n(-8). Let p = u + -56. Let f be (13/1)/((-2)/(-6)). Calculate the highest common divisor of f and p.
39
Suppose 13*a - 262 = 115. Suppose -a*v = -26*v + 2*q - 1642, -4*v + 2*q = -2208. Calculate the greatest common factor of v and 22.
22
Suppose 26543*h - 13208*h - 13267*h = 2312. Let o be 1/((1/1)/663). Calculate the greatest common divisor of h and o.
17
Suppose -l = -2*l + 4*r + 11, l = 2*r + 7. Suppose 5*a - 2*a - 165 = -l*m, 0 = -4*m + 3*a + 255. What is the highest common divisor of 24 and m?
12
Suppose 3*n - 2030 = -4*u + 247, 0 = -2*n - 3*u + 1519. Calculate the greatest common factor of n and 5.
5
Suppose 5*u - x = 108, -38*u + 35*u + 51 = 4*x. Calculate the highest common factor of u and 5544.
21
Suppose 0 = -2*t + a - 133, -t + 8 = 4*a + 52. Let j = t + -77. Let n be j/(-15) + -2 + 6/(-15). What is the greatest common factor of 77 and n?
7
Suppose 2*f + 2058 = 7*f + 16*f. Calculate the greatest common divisor of f and 322.
14
Let h be 653 + (4/22 - (-13)/(-11)). Let x = h - 324. What is the highest common factor of 16 and x?
8
Let w(u) = -7*u**2 + 332*u - 111. Let o be w(47). What is the greatest common divisor of 135 and o?
15
Suppose -18*x = -19*x + 20. Let r(s) = -s**2 + 31*s - 84. Let p be r(x). Calculate the highest common factor of 34 and p.
34
Let q(k) = -24*k**2 + 286*k - 195. Let z be q(11). What is the greatest common divisor of 51 and z?
1
Suppose -60 = 9*p - 348. Let w be (-10)/1*5*p/(-40). Calculate the highest common divisor of 320 and w.
40
Suppose -z = -235*v + 238*v - 65, -3*z + v + 285 = 0. Suppose -4*o + 5*m = -82, -3*o + 2*m = -87 + 22. What is the highest common factor of z and o?
23
Let r = -77 + 77. Suppose 0 = -w - r*w + 34. Calculate the greatest common factor of w and 68.
34
Suppose 22*l = -3927 - 5401. Let d = l + 524. Calculate the highest common divisor of 1300 and d.
100
Let g(v) = 1802*v**3 - 3*v**2 - 41*v + 42. Let k be g(1). What is the greatest common divisor of k and 8?
8
Let a(b) = b**2 + 12*b + 39. Let t be -1*(2 + -1) - 6. Let p be a(t). Suppose 4*l = 20 - p. What is the highest common divisor of l and 24?
4
Let q(n) = n + 25. Let r be q(-13). Let j = -27 + 31. Suppose -2*k - 3*k - j*d = -28, -5*k + d = -43. What is the highest common factor of r and k?
4
Suppose 5*z - 39600 = -2*v, 3*z - 8*v = -10*v + 23760. Calculate the highest common divisor of 30 and z.
30
Suppose -4*k + 75 = -5*h + 40, -4*k + 39 = -h. Let n = 52 + 218. Calculate the highest common factor of k and n.
10
Let q be -552*(-1)/11 + 198/(-1089). Let y = 120 + -100. Calculate the greatest common factor of q and y.
10
Let k = -604 + 646. Let l be 4407/k - (-6)/84. Calculate the highest common divisor of l and 84.
21
Let h be (-20 - 38616/(-36))/(-2 + 86/42). Calculate the greatest common divisor of 14 and h.
14
Let t = 201 - 238. Let d = t - -39. Calculate the greatest common divisor of 54 and d.
2
Let i(a) = 20*a - 79. Let z be i(10). Let k be 12/18 + z/3. Calculate the greatest common divisor of k and 369.
41
Suppose 5*f + 134 = 3*u, -3*u + 3*f = 60 - 186. Let g = -427 - -693. Calculate the highest common divisor of g and u.
38
Let y(u) = 0*u + 33*u + 2*u**2 - 120 - 8*u**2 - 2*u**2 + 6*u**2. Let a be y(8). Calculate the highest common factor of 2 and a.
2
Suppose -1651 = -104*l + 14*l - 391. Let c = -8 + -3. Let a be 8/(-44) - 310/c. Calculate the highest common divisor of a and l.
14
Suppose 3*t = 5*w + 172, -6*t + 5*w + 290 = -t. Suppose -54*j - 30 = -t*j. Let i be (72/(-15))/(1/(-10)). Calculate the greatest common divisor of i and j.
6
Let z = -145 + 158. Let c(s) = -s**3 + 15*s**2 - 24*s - 19. Let r be c(z). What is the greatest common factor of 231 and r?
7
Let v = 213 + -210. Suppose 3*a - 84 = 15*l - 11*l, v*l = 0. What is the greatest common factor of a and 14?
14
Let c = 247 + -247. Suppose -4*s - 5*m = -c*m - 98, 74 = 3*s + 4*m. Calculate the highest common factor of s and 902.
22
Let d(c) = c**2 + 10*c + 3. Let t be d(-10). Suppose 5*k + 5 = 0, -t*k - 222 = -2*h + 89. Let y = -865 + 879. What is the greatest common divisor of h and y?
14
Suppose a + 2*n - 13 = 0, 0*n + 34 = 3*a + n. Suppose a = -46*t + 47*t. Calculate the highest common divisor of t and 209.
11
Let p(q) = -q - q - 2*q + 20*q + 41 + 15*q. Let y be p(8). What is the greatest common factor of y and 17?
17
Let s be ((-14)/35*8)/(2/(-30)). Calculate the highest common factor of 12048 and s.
48
Suppose -3*m + 8*m = 1050. Suppose 2*j - 3*n - 438 = 0, -m = -j - 4*n + n. Suppose 21*y - 177 - 75 = 0. Calculate the greatest common divisor of y and j.
12
Suppose 0 = -11*h + 145 + 119. Suppose 0 = -11*s + 798 + 126. What is the greatest common factor of s and h?
12
Suppose -501*x + 429*x + 108576 = 0. Calculate the greatest common divisor of x and 52.
52
Let d = -4272 - -4522. Let c be -1*25*4/(-2). What is the greatest common factor of d and c?
50
Let z(v) = -2*v**2 + 4*v - 2. Let y be z(-3). Let t be (-2)/((y/22)/(-4))*-6. Calculate the greatest common factor of 88 and t.
11
Let h be -3*((-11)/(-6))/(-11)*-2. Let x be 2*h/((-1)/2). Suppose 0*y = 3*u - 5*y + 7, x = 2*y. Calculate the highest common divisor of 2 and u.
1
Suppose -t + 3*b + 48 = 0, 140 + 0 = 5*t + 5*b. Suppose -t = -19*r + 8*r. Suppose 198 = 3*q + r*q. What is the greatest common factor of 231 and q?
33
Let s = -128 + 214. Let m = -605 + 906. What is the greatest common factor of m and s?
43
Let t = 18483 - 18423. Calculate the greatest common factor of t and 7780.
20
Suppose 4*j = y - 80, 2*j + 3*j + 79 = y. Suppose 15*n = 16*n + y. Let r be (-39)/(-6)*(n - 4)/(-4). Calculate the highest common divisor of r and 11.
11
Let j be 3 - (-22)/((-88)/(-12)). Let d(i) = i**3 - 2*i**2 - 4*i + 1. Let f be d(3). Let m be -6*(f - -3)*-5. Calculate the greatest common divisor of j and m.
6
Suppose -133 = -24250*o + 24233*o + 462. Let j = -403 + 648. Suppose p = 2*p - j. What is the greatest common factor of p and o?
35
Let n be (2/(2/2))/(2/10). Let d = -460 - -505. What is the highest common divisor of d and n?
5
Let r be -11 - -4 - (-1 + -157). Suppose 396 = -148*c + r*c. Calculate the highest common divisor of c and 12.
12
Let x = 598 - 1046. Let d = x + 536. What is the greatest common divisor of 11 and d?
11
Let g be (5*2/3)/(10/(-30)). Let j be (-3 - -36) + -1 - (g + 12). Calculate the greatest common factor of 18 and j.
6
Let m(f) = 4*f**2 + 40*f - 18. Suppose 0 = -3*p - 50 + 17. Let w be m(p). What is the greatest common factor of w and 286?
26
Suppose -2*y = 26*a - 28*a - 3080, -a - 7676 = -5*y. What is the highest common divisor of 806 and y?
26
Suppose -5*z - 15 = 3*t, t = 3*z + 2*z - 5. Suppose -i + 17 = -3*w, 0*i - 2*i - w + 41 = z. Let o = 22 + -12. What is the greatest common factor of i and o?
10
Let n(j) = 420*j + 33. Let q be n(5). Calculate the greatest common divisor of q and 632.
79
Let t = 3529 - 3469. Calculate the greatest common divisor of 1780 and t.
20
Suppose -3*u - 3*d + 141 = 0, 5*u = -4*d + 183 + 55. Suppose u*r = 53*r - 93. Calculate the greatest common divisor of r and 31.
31
Let 